ded by (-1)/4 + (-17)/u.
1
Let p = 58 + -45. Let h(c) = -c**2 - 8*c - 8. Let i be h(-6). Suppose o - 112 = -3*o - i*g, -4*g = -o + 8. What is the remainder when o is divided by p?
11
Let a = -5 + 29. What is the remainder when 69 is divided by a?
21
Let s be (-14)/(-4) + 1/(-2). Suppose -s*z - 4 = -8*z - 2*g, -5*g = -10. Suppose z = -4*x + 5 + 3. What is the remainder when 4 is divided by x?
0
Suppose -156 + 102 = -c. Calculate the remainder when 158 is divided by c.
50
Suppose 3*m + 72 = 6*m. Suppose 654 = 3*n - 3*v, 5*v + 233 = n + v. Calculate the remainder when (-1)/((-429)/n - -2) is divided by m.
23
Let b = 139 + -126. Calculate the remainder when 22 is divided by b.
9
Suppose -2*f = f. Suppose -s + f*s + 186 = 0. Suppose 0 = -0*r + 3*r - s. What is the remainder when r is divided by 21?
20
Let k(t) = -t**2 - 5*t + 1. Let y be k(-5). Calculate the remainder when 5 is divided by (3 - 0) + (0 - y).
1
Suppose -u = 2*u - 84. What is the remainder when (108/u - 3)*7 is divided by 2?
0
Let v = -25 - -27. Calculate the remainder when (232/(-16))/(v/(-4)) is divided by 16.
13
Suppose -5*a - 12 = -a. What is the remainder when 1 - (-1 - 8) - -5 is divided by (16/(-6))/1*a?
7
Let g be 900/(-48) + 1/(-4). Let r = -12 - g. Calculate the remainder when 11 is divided by r.
4
Let l = -4 + 14. Calculate the remainder when 28 is divided by l.
8
Suppose 5*d + 5 = 30. Suppose -n = -5*t + 52 + 19, d*t + n - 69 = 0. Calculate the remainder when t is divided by (-3)/2*10/(-3).
4
Suppose -5*d + 59 - 8 = c, 101 = 3*c + 2*d. Let o = 12 + -4. Calculate the remainder when c is divided by o.
7
What is the remainder when 29 is divided by -5 - (-54)/10 - 36/(-10)?
1
Suppose 0 = -5*l + 18 + 157. Let t be (-48)/(-5)*60/8. Suppose -2*p - 2*p = -t. What is the remainder when l is divided by p?
17
Let s(x) = x**2 + 6*x - 8. Let j(p) = 7*p - 3. What is the remainder when s(-9) is divided by j(2)?
8
Let j be ((-12)/(-8))/((-6)/(-80)). Let i = 30 - 18. What is the remainder when (-354)/(-10) - 8/j is divided by i?
11
Suppose 2*u = 3*u - 28. What is the remainder when 165 is divided by u?
25
Suppose -17 = -u - 2*k + 4, -70 = -4*u - k. What is the remainder when u is divided by 9?
8
Suppose -3*j + 16 = -5. Suppose 39 = -2*s + j. Let o = s - -35. What is the remainder when o is divided by 10?
9
Let x(v) = -2*v - 34. Let s = -10 - -15. What is the remainder when s is divided by x(-18)?
1
What is the remainder when (-4 + -1)*-1*(-4 + 9) is divided by 3?
1
Let d = 121 + -71. Suppose -y + f = -d, 2*y - 4*f - 56 = y. What is the remainder when y is divided by 25?
23
Suppose -51 = -5*y + 4. What is the remainder when (-1 - (-24)/(-8)) + 114/2 is divided by y?
9
Suppose -6 = -f - 3*s, f - 3*s + 5*s = 4. Suppose 2*a + b = 15, -5*a = 3*b - f*b - 35. Calculate the remainder when 29 is divided by a.
9
Let i = -20 - -37. What is the remainder when 23 is divided by i?
6
Let n(r) = -r**2 - 3 + 2 - 26*r**2 + 3*r**2. Let p be n(-1). Calculate the remainder when (-810)/p - 2/5 is divided by 17.
15
Suppose -2*k + 2*u + 3 = -5, 5*u = -3*k + 28. Suppose 0 = 2*f + l + 2*l - 26, -4*f + 4*l = -32. What is the remainder when f is divided by k?
4
Suppose r - 244 = -3*r. Calculate the remainder when r is divided by 16.
13
Let n = -11 + 48. Suppose -2*h + 3*h - 13 = 0. Calculate the remainder when n is divided by h.
11
Suppose 2*h + 10 = 7*h. Suppose -v - 4*d = 10, h*v + 50 = -3*v + 5*d. Calculate the remainder when 2 is divided by (-8)/32 - v/8.
0
What is the remainder when ((-54)/4)/(-1)*(-10)/(-3) is divided by 16?
13
Let r be (-1)/(-2) - 2/4. Suppose 5*o - o - 12 = r. Calculate the remainder when 9 is divided by o.
0
Let v be 12*(0 + (-11)/(-2)). Suppose 0 = 3*k + w - 130, -2*k - w + 88 = -0*w. Calculate the remainder when k is divided by -1 - (-1 - v/3).
20
Suppose 2*o - 7*o = -145. Let b(i) = -17*i + 2. Let y be b(-3). Let n = y - o. Calculate the remainder when n is divided by 13.
11
Suppose -49 = -4*g - 5*u + 207, -5*u = 0. Calculate the remainder when g is divided by 34.
30
Suppose 1 = -3*c - 2. Calculate the remainder when (-8)/(-12) - (-16)/3 is divided by 1/(c + (-5)/(-4)).
2
Suppose 25*s = 31*s - 48. Calculate the remainder when 62 is divided by s.
6
Suppose -4*a = 2*d - 40, -a + 3*d = a - 4. Calculate the remainder when 14 is divided by a.
6
Suppose 0*l + 5*l + 5 = 0, -4*l + 23 = 3*f. Let g be (-3 + -1)*(-53)/4. Suppose m + 3*m + 3*z = g, 5*z - f = -m. What is the remainder when m is divided by 8?
6
Let f(a) = 4*a**2 + 2*a + 4*a**2 - a - a**3. What is the remainder when 29 is divided by f(8)?
5
Let x = 2 - -14. What is the remainder when 93 is divided by x?
13
Let c(q) = -q**3 - 10*q**2 - 12*q - 9. Calculate the remainder when c(-10) is divided by 8.
7
Let a be (2/(-6)*0)/(-1). Suppose 13 = n - 14. Suppose -2*j - j + n = a. Calculate the remainder when 17 is divided by j.
8
Suppose 32 = 3*p - 40. Suppose h + p = -4*j + 115, 0 = 4*j + 8. What is the remainder when h is divided by 25?
24
Suppose 0 = -8*u + 3*u + 20, -5*w + 5*u - 10 = 0. Suppose 0*b - 29 = -3*b - w*k, -3*b + 3*k = -54. Calculate the remainder when b is divided by 8.
5
Suppose -86 = -4*w - 18. What is the remainder when 66 is divided by w?
15
Let v be (-5)/(-5) + (-1 - -27). Let t = -18 + v. What is the remainder when 32 is divided by t?
5
Let z(c) = -1 + c**2 + 5 - 8 + c. What is the remainder when z(3) is divided by 2?
0
Suppose 6*v - 2*v - 40 = 0. Let a = 10 - 14. What is the remainder when 18 is divided by (14/v)/(a/(-20))?
4
Let c be (-1)/4 - (-1911)/12. Suppose 3*v = -4*u + c, -80 = -2*v + 5*u + 3. Calculate the remainder when v is divided by 17.
15
Let z(y) = -y**3 + 4*y**2 - 2*y + 1. Suppose 3*r - 8 = 5*r. Let a = -2 - r. Calculate the remainder when 13 is divided by z(a).
3
Let m be 84/2 + (-4)/(-2). Suppose 0 = s + 4*s, -2*s - m = -4*f. What is the remainder when 42 is divided by f?
9
Let s(b) = b**3 + 6*b**2 - 11*b - 10. Let f be s(-7). Calculate the remainder when (-263)/(-9) + (-4)/f is divided by 11.
7
Suppose -3*u = -0*u - 12. Suppose 4*o = -u + 12. What is the remainder when 7 is divided by o?
1
Let k be (-1)/(-1) - -4 - 1. Let t = 25 - 18. Let x = t - k. What is the remainder when 8 is divided by x?
2
Let o = 146 + -114. What is the remainder when o is divided by 18?
14
Suppose -2*v + 33 = -3*z, 0 = 5*v + 4*z + z - 95. What is the remainder when 34 is divided by v?
16
Suppose r + 0*o + 2 = -o, o = 1. Calculate the remainder when 37 is divided by (3/6)/(r/(-78)).
11
Let a(y) = 2*y**2 + 7*y. Calculate the remainder when 15 is divided by a(-4).
3
Suppose 4*z = 2*z + 150. Suppose 4*x - 64 = -3*q, 5*q + 87 + 28 = 5*x. What is the remainder when z is divided by x?
18
Suppose -3*j + 24 = y, 2*y - 7*y + 3*j = -48. Let l = y + -7. Calculate the remainder when 14 is divided by l.
4
Let l = -27 - -38. Suppose -248 = 4*y - 12*y. What is the remainder when y is divided by l?
9
Let v be 78 + 1 - 0/(-6). Suppose 5*n - r = v, r - 69 = -5*n + 2. What is the remainder when 33 is divided by n - 1/(-1)*2?
16
Let l be ((-6)/(-4))/(3/(-6)). Let h(v) = -v**3 - 2*v**2 + 2. Calculate the remainder when h(l) is divided by 3.
2
Let s be 47/6 + 3/18. Suppose -31 = -3*o - 2*a + 31, -s = -2*a. Calculate the remainder when 4 is divided by (o/(-15))/(6/(-15)).
1
Suppose v = 3*v - 28. Calculate the remainder when (-1 - v)*(-2 - -1) is divided by 9.
6
Let p = 71 - 44. What is the remainder when p is divided by 8?
3
Suppose -3 = -h - 4*g, 0 = -0*h - h - 2*g + 3. What is the remainder when (6/(-9))/(4/(-66)) is divided by h?
2
Suppose -2*m + 7 = 1. Suppose 7*u + 5 = 5*d + m*u, -5*d = -u - 20. Calculate the remainder when 8 is divided by d.
3
Suppose -3*n + u = -0*u - 203, 5*n = -5*u + 325. What is the remainder when n is divided by 23?
21
Let c(a) be the third derivative of a**5/60 + a**4/8 + 5*a**3/6 - a**2. What is the remainder when c(-5) is divided by 8?
7
Let u(c) = -c + 1. Let i be u(-5). Suppose i*d + 31 = 5*l + 3*d, -5*l + 5*d + 35 = 0. What is the remainder when 8 is divided by l/(3/(-6)*-2)?
3
Let c(h) = h**2 - 4*h - 3. Suppose -14 = -5*k + 11, 0 = 4*j + 4*k - 156. Calculate the remainder when j is divided by c(7).
16
Let a(s) = s**3 - 7*s**2 - 7*s + 5. Let q = -33 + 71. Calculate the remainder when q is divided by a(8).
12
Suppose